
Is 2863670917 a composite number?
True
Is 926677309 a composite number?
True
Is 24957380093 a prime number?
True
Is 449158439 composite?
False
Is 190438835 a prime number?
False
Is 8999311033 a prime number?
True
Is 4203320323 a composite number?
False
Is 499425529 a composite number?
True
Is 384715767313 a prime number?
True
Is 3176288977 a prime number?
True
Is 25676132969 prime?
False
Is 1908462781 a composite number?
False
Is 45942207491 composite?
False
Is 192964799 prime?
False
Is 16304838001 a prime number?
True
Is 187451810066 prime?
False
Is 3279647167 prime?
True
Is 10308179149 a prime number?
True
Is 16297339129 a composite number?
True
Is 1051400821 composite?
True
Is 829412179 a composite number?
True
Is 65737699639 prime?
False
Is 808821005 composite?
True
Is 3402626341 composite?
True
Is 9527150819 a composite number?
False
Is 15740472031 prime?
False
Is 46731499601 a prime number?
True
Is 622322003 prime?
True
Is 929308147 prime?
False
Is 22067560169 a composite number?
False
Is 903940627 prime?
False
Is 50095007183 prime?
False
Is 27826553497 composite?
False
Is 274768966 prime?
False
Is 9608491499 a prime number?
True
Is 22325934079 prime?
False
Is 90040859 a prime number?
False
Is 109202209 a prime number?
False
Is 247797727 composite?
True
Is 16355986523 a prime number?
True
Is 30245618311 composite?
False
Is 202345327 composite?
True
Is 37003408801 a prime number?
True
Is 756143869 a prime number?
False
Is 152240129 a prime number?
True
Is 317272117 composite?
False
Is 84543464011 a prime number?
False
Is 10116257 a composite number?
True
Is 731181629 a prime number?
False
Is 31447261123 a composite number?
False
Is 3437303707 prime?
True
Is 943841699 composite?
False
Is 78936817 a prime number?
True
Is 7334280347 a composite number?
False
Is 3970798507 a prime number?
False
Is 1310956979 a composite number?
False
Is 575160689 prime?
True
Is 349257409 composite?
False
Is 3089024779 a composite number?
False
Is 2765743921 composite?
False
Is 72063517907 prime?
True
Is 751600757 prime?
True
Is 11060261 a composite number?
True
Is 6690227623 a prime number?
False
Is 1143661327 a composite number?
False
Is 4884538937 a composite number?
False
Is 212931715061 a composite number?
True
Is 3303249839 a prime number?
True
Is 4000392509 a prime number?
False
Is 33174481243 prime?
False
Is 567858163 prime?
True
Is 426117277 a composite number?
False
Is 444835789 composite?
False
Is 1269114893 composite?
True
Is 13822163609 prime?
False
Is 55111597661 a composite number?
False
Is 166846151 a composite number?
True
Is 23810992927 composite?
False
Is 58625700491 composite?
True
Is 155869793 prime?
True
Is 53013530006 composite?
True
Is 2738766403 a composite number?
False
Is 4470749071 composite?
False
Is 1386495691 a prime number?
False
Is 46164601 prime?
False
Is 13112470235 prime?
False
Is 186998179 a composite number?
False
Is 2752704233 a composite number?
False
Is 1059256301 prime?
True
Is 283007003 prime?
True
Is 6064731301 a prime number?
True
Is 89810737 a composite number?
False
Is 12126462289 a prime number?
True
Is 2634232154 a composite number?
True
Is 22465897 prime?
True
Is 33648458849 a composite number?
False
Is 1169902661 a prime number?
True
Is 13517598917 prime?
False
Is 21167734417 a composite number?
True
Is 2311375307 a composite number?
False
Is 4637839321 prime?
True
Is 8834701313 a prime number?
True
Is 32481919 prime?
False
Is 5138221513 prime?
True
Is 4466624059 prime?
True
Is 6804850909 a prime number?
False
Is 584473229 a prime number?
False
Is 162313549 a prime number?
True
Is 1049284099 composite?
False
Is 832793843 a prime number?
False
Is 3508157437 a composite number?
True
Is 3124521903 composite?
True
Is 651300271 a prime number?
False
Is 132085721 prime?
False
Is 6019693783 a composite number?
False
Is 7286421341 a composite number?
False
Is 5658170813 composite?
True
Is 7006863307 prime?
True
Is 49769537 a prime number?
False
Is 4021705943 prime?
True
Is 227012311 prime?
True
Is 7498591313 composite?
False
Is 17168856193 a prime number?
False
Is 356019290301 prime?
False
Is 3721224557 composite?
False
Is 953535983 prime?
True
Is 65674165573 a composite number?
False
Is 1565560301 prime?
False
Is 1196268143 prime?
False
Is 90021949 a composite number?
False
Is 141748865957 composite?
True
Is 347572597 a composite number?
False
Is 143802131027 a composite number?
False
Is 905437847 composite?
False
Is 7962971849 a prime number?
False
Is 7365594161 a composite number?
True
Is 583285117 prime?
False
Is 68957456149 composite?
True
Is 685356439 a prime number?
False
Is 845514223 composite?
False
Is 124873655 a prime number?
False
Is 143192191339 prime?
True
Is 392026595 a composite number?
True
Is 14465271709 prime?
False
Is 482530253 composite?
True
Is 775119643 a composite number?
False
Is 13656767167 a composite number?
False
Is 4678884409 a composite number?
False
Is 165812431 prime?
True
Is 26001523 composite?
True
Is 81471767 a composite number?
True
Is 164803021 composite?
True
Is 1285886729 composite?
False
Is 1177205707 composite?
False
Is 690383389 a prime number?
False
Is 73885109 prime?
True
Is 23732090671 composite?
True
Is 270997787 composite?
False
Is 3452163419 a prime number?
True
Is 145431392803 composite?
True
Is 3078406519 prime?
True
Is 19595683529 a prime number?
True
Is 499954769 prime?
False
Is 27513697 a composite number?
False
Is 40526279 composite?
False
Is 46850733946 a prime number?
False
Is 95171817341 composite?
False
Is 24757860821 prime?
False
Is 62131075915 a composite number?
True
Is 340079567 a composite number?
False
Is 44484611417 a composite number?
False
Is 965760269 prime?
True
Is 211929149 a composite number?
False
Is 86235590359 a prime number?
True
Is 478954499 a composite number?
False
Is 32655954031 a composite number?
False
Is 12760891303 a composite number?
True
Is 598913881 prime?
False
Is 48374047 a prime number?
True
Is 1727585099 a prime number?
True
Is 6476439547 composite?
False
Is 25116659654 composite?
True
Is 1279332751 a composite number?
True
Is 1125882113 prime?
True
Is 19888158623 a composite number?
False
Is 7003987097 a composite number?
True
Is 814837181 a composite number?
False
Is 1350876073 composite?
False
Is 373462391 prime?
False
Is 149918981 composite?
False
Is 2613623447 composite?
False
Is 251298630799 a composite number?
False
Is 11943101278 prime?
False
Is 8919710771 composite?
False
Is 21018803521 composite?
False
Is 66998055557 a composite number?
False
Is 1907831873 a prime number?
False
Is 14583681103 a prime number?
True
Is 545857121 prime?
False
Is 9774286917 a prime number?
False
Is 181810609 prime?
True
Is 128209958419 a composite number?
False
Is 4032242413 prime?
False
Is 6692936791 composite?
False
Is 5971546451 prime?
False
Is 81158263 prime?
True
Is 481992571 a prime number?
False
Is 4093765537 a composite number?
True
Is 45138176147 composite?
True
Is 106970141 a prime number?
False
Is 58771066841 a prime number?
False
Is 527775203 a composite number?
False
Is 21601484321 composite?
True
Is 2144342989 composite?
True
Is 495150023 a composite number?
False
Is 349541977 a prime number?
True
Is 719734007 composite?
False
Is 1235094349 a prime number?
False
Is 1319199631 composite?
False
Is 5396163785 composite?
True
Is 92012071673 a composite number?
True
Is 94546572839 composite?
False
Is 725443003 a prime number?
True
Is 3110187887 composite?
False
Is 2765945461 a prime number?
True
Is 2162390431 prime?
False
Is 21896080331 a prime number?
True
Is 3980351119 prime?
True
Is 89394251587 composite?
True
Is 1455958703 a prime number?
False
Is 742766513 a prime number?
True
Is 7151775721 prime?
True
Is 17546721089 prime?
True
Is 599052309821 composite?
True
Is 485970623 a composite number?
True
Is 7213059787 a composite number?
True
Is 288898619 a composite number?
False
Is 625550761367 prime?
False
Is 560932997 a prime number?
True
Is 6818072777 a composite number?
True
Is 50538409 composite?
True
Is 1884191059 a prime number?
True
Is 3128357729 prime?
False
Is 8762492621 a prime number?
True
Is 12117097091 composite?
True
Is 29375719 a prime number?
True
Is 5782346623 prime?
True
Is 38182782587 a prime number?
True
